 18 - 6).
15
What is 2 + -5 + (58 - (69 - 3))?
-11
Evaluate -2 - (-8 - (-30 + 17) - -8 - 2).
-13
6 - (3 + -9 - -5 - 17 - (-70 + 65))
19
Calculate 11 + -12 + -14 + -6 + -28.
-49
Evaluate 24 - 40 - (-3 - (1 + (1 - 5) - -15)).
-1
Calculate (-9 + -21 - -23) + 47 + 0 - 5.
35
Calculate 118 - (148 + -79 + -9).
58
Calculate 7 + 24 + (-1 - 18) + 347 + -312.
47
What is the value of (-7 - (4 - -64)) + (-27 + 44 - 13)?
-71
What is 42 + 0 - (-1384 + 1429)?
-3
What is 18 + 1 + 8057 + -8140?
-64
What is the value of (-12 - (-17 - 3)) + -15 + -2 + 12?
3
Evaluate (-11 - -26) + 9 + 8 + -12 + -75.
-55
What is the value of 27 + (-7 + -5 - 0) - (106 + 11 + -8)?
-94
Evaluate -30 + 172 + -17 + -35.
90
Calculate (-178 - -167) + (-4 - 9) - -41.
17
What is 65 - ((12 - -1 - (-11 + 20 + -3)) + -9)?
67
Calculate 20 - (21 - (21 + -67) - 6).
-41
Calculate -114 - (-29 + -13 + 12 - -10).
-94
What is the value of (-16 - (-12 + 5 + -10)) + (22 - -10)?
33
(1 + -1 - 11) + ((62 - 108) + 2 - -57)
2
(-1 - 31) + -148 + 392 + -168
44
Calculate (150 - 140) + 90 - 230.
-130
Calculate -27 - -25 - -45 - (-8 + (18 - 12)).
45
-1 + (30 - 20) + -20 + (52 - 3)
38
What is (-70 - -64) + 17 + 31 + 0?
42
Calculate 2 - -19 - (-46 + (99 - 20)).
-12
What is 38 - ((-43 - -58) + -31)?
54
What is the value of -52 + 6 - -99 - 46?
7
Evaluate 18 + 6 + -2 + -44 + 40 - -4.
22
What is the value of -8 + (28 - (-28 - -68) - 11)?
-31
8 + -2 + 7 + (54 - (-84 - -102))
49
What is the value of -6 + (-2 - -5) + -4 - (-29 + -17 + 6)?
33
34 + (12 - -2) + -6
42
Evaluate 32 + (-13 - (22 + -6) - -26).
29
What is -203 + 305 - (10 - -38)?
54
What is the value of 7 + -30 - (68 + 81 + -141)?
-31
What is the value of (2 - 3 - (-4 + -7 - -19) - -3) + -29?
-35
Evaluate -8 - 35 - -117 - -10.
84
-147 + (-5 - -18) + (14 - 14 - 14)
-148
What is the value of 6 - (50 - -1 - (-6 + -12 + 18))?
-45
Evaluate (127 + -78 - 94) + -17.
-62
Calculate -3 + (17 - 8) + -6 + 10 + (-2 - 83).
-75
What is -9 + 16 + 2 - (-52 - (10 - -6))?
77
-5 - (-1 - -11 - (6 - 1)) - (-50 + -4)
44
17 + -135 + 25 - (-2 - 21)
-70
What is -26 + 35 + 17 - 6?
20
Calculate 37 + 10 + (-62 - -16).
1
What is 4772 + -4884 + 40 + -2?
-74
-23 + 3 + 4 + (23 - 41)
-34
-253 + 235 + (4 - 4)
-18
What is the value of (2269 - 2247) + -59 + 2?
-35
What is the value of (-16 - (35 + -54)) + 42?
45
What is the value of 11 + 2 + 61 + (-49 - 10)?
15
(-20 - (-32 + 17) - 8) + -59
-72
20 + 15 + (-30 - (-9 + -3))
17
201 - (212 + (25 - 144))
108
What is the value of 12 - -68 - ((5 - (6 - 4)) + 1 - -1)?
75
What is -44 - (6 + -14) - ((-1 + 4 - 8) + 14)?
-45
Evaluate (-10 - (-18 - (-4 + -7))) + -3 + 13.
7
Evaluate (-38 + -4 - (44 - 55)) + (1 - 3).
-33
What is the value of 32 - 86 - (15 + -28 + -7)?
-34
Calculate (104 - (27 + 92)) + -2 + 13.
-4
Evaluate 12 + -16 + -38 + 51.
9
621 + -622 - (23 + -6 + (0 - -3))
-21
11 - (29 + -22) - (-2 + -11)
17
Evaluate 0 + -26 + 64 + (128 - 171).
-5
Evaluate (7 - (39 + -15 + 18)) + 0.
-35
Evaluate -15 - (75 + (-27 - 1 - 1)).
-61
(57 + -63 - -35) + -75
-46
Calculate -45 + 4 - (398 + -456).
17
What is the value of 0 + 36 - (36 + (-6 - 29) + 4)?
31
Evaluate 957 + -958 - (-27 + 3 + 1).
22
What is the value of 7 + (-13 - -75) + (-3 - -4) + -17?
53
Calculate -49 - (-7 - (-64 + 12 + 15)).
-79
Calculate -37 + 15 - (58 + -42).
-38
What is 14 + (-97 - -34) + 10 - -26?
-13
What is the value of 3 - -44 - (-1190 - -1204)?
33
-1 + -5 - (-91 - 73 - -168)
-10
-90 - (2 - 7 - -1) - (10 + (-40 - -41))
-97
What is 21 - (17 + 2 + -16) - 7?
11
Evaluate (36 - 14) + -11 + -111 + 1 + 15.
-84
What is -368 + 214 - (-25 + -67)?
-62
1372 + -1389 - (0 - -3 - 20)
0
What is the value of 24 - (5 - (-18 - (14 - -35)))?
-48
Evaluate 9 + (-9 + 21 + -13 - (2 + -2)).
8
-20 - (4 + -104 + 54)
26
Calculate 4 - ((16 - 3) + 22 - 24).
-7
Calculate (-10 + -24 - -9 - -12) + 17 + -2.
2
4 + (-7 + (12 - -9) - -2) - -14
34
Evaluate 3 - (-10 + -14 + -8 + 17).
18
Evaluate 18 + -15 - ((14 + -12 - -2) + 1).
-2
What is the value of -27 + 143 + -31 + -30 + 4?
59
What is -25 + -87 + 37 + (12 - 19)?
-82
What is (-27 - -20 - -60 - (-1 - 0)) + (7 - -1)?
62
What is the value of 150 + -39 + (21 - -7 - 13)?
126
Calculate 10 + (15 - (12 + -19)) - 4.
28
Evaluate 0 - (1 + (41 - 51 - (0 + -60))).
-51
What is (41 - (-1 - -55)) + -29?
-42
7 + 101 + -55 - -38
91
Calculate -3 + 9 + -34 + -96 + 55.
-69
Evaluate -14 - ((163 - 162) + (-82 - (-2 - 2))).
63
Calculate 135 + -25 + 60 + -56.
114
Calculate 41 + 3 - (233 + -100 + 1).
-90
Calculate 14 - ((24 - (37 + -18 + -41)) + 15).
-47
Evaluate 8 + (3 - -1) + -4 - (-2 + 27 - -6).
-23
Evaluate 118 - (20 - ((22 - (20 + -31)) + -14)).
117
Calculate -5 - 0 - -35 - 13.
17
Calculate -8 + -1 + 7 - (-14 + 8 - -14).
-10
Evaluate 12 + 10 + 0 + 9 + -41 + 36.
26
(9 - -38) + -43 + (-1 - 2 - -1) - -1
3
-29 + (-3 + -27 - -85) + 29
55
35 + (55 + 51 - 134)
7
Evaluate -111 + 5 + (23 - 8) + (-11 - -12).
-90
What is the value of (4 - -2) + -41 + -1 + 5 + 1?
-30
Calculate (7 - ((-17 - -1) + (152 - 118))) + (-9 - -8).
-12
-2 - (76 + -2 + (-607 - -610))
-79
What is -7 + 15 + (-14 - (9 - (8 - -12))) - 10?
-5
Calculate (12 - 24) + 3 - 11 - -4.
-16
What is the value of (-195 - -161) + -19 + (-11 - -2) + -2?
-64
(-4 - 0) + 80 + (-527 - -505)
54
Calculate (10 - 1) + (-156 - (-41 + -61)).
-45
-3 - (0 - -32) - -45
10
Calculate -1 - (-31 - -4 - -16) - -10.
20
What is (107 - 0) + -10159 + 10128?
76
Calculate 71 + 4 + (0 - 11) + 11 + -7 + -2.
66
Evaluate (83 - 162 - 10) + 33 + -1 + -19.
-76
What is -5 + (-5 - 23) - (-74 - (-80 + 14))?
-25
Evaluate 5 - 12 - ((0 + (-21 - -14) - -21) + -38).
17
Evaluate -37 + (-25 + -1 - -23) - (1 - 13).
-28
Evaluate 6 - (-10 + (-1 + -7 - (129 - 139)) + 11).
3
What is -50 + (-7 + 19 - (108 - 220))?
74
What is (-9 - 54) + 17 + -13?
-59
Calculate (1 - (1 + -2)) + 6 - (620 - 626).
14
What is -51 - (-26 + -64) - 21?
18
-63 + (-30 - 6) - -51
-48
Evaluate -14 + (-4 + -1 - (-1159 + 1192)).
-52
Calculate 68 - (-7 - (-75 + 69)).
69
(-102 + 52 - -106) + -111
-55
Calculate 136 - (97 + -57) - 96.
0
Evaluate -15 - ((4 + 11 - (-4 - -4)) + -106).
76
(652 - 641) + (7 - -2)
20
What is the value of (-1 + -1 - (-1 + (-45 - -47))) + -27?
-30
What is the value of 26 - (-27 + 36 + 21 + -27)?
23
Evaluate -437 + 432 - (22 - (-3 - -5)).
-25
Evaluate -42 - (8 - 61) - -12.
23
Calculate (33 - 30) + 26 - (-6 - 60).
95
Calculate 84 + -15 - (-1 + 79).
-9
Calculate -17 + 2 + (6 + 3 + -13 - -9).
-10
176 - 185 - (0 + (1 - 4)) - (11 - -2)
-19
What is 56 + -27 + (-9 - 51) + (2 - 0)?
-29
Evaluate 53 - ((-914 - -924) + 11 + 2).
30
Evaluate 10 + (3 - 6) - (-482 + 390).
99
What is 0 + 8 - (0 - -74 - (1 + 48))?
-17
What is the value of -19 - (1 - -2 - (26 - (-30 - -49)))?
-15
(40 - 19) + (12 - (52 - 11))
-8
Calculate (-5 - -19) + -7 + -1 + -53 + (-3 - -14).
-36
What is (14 - -29) + ((6 - 7) + -1 - 9) + 7?
39
What is (0 - 115) + (273 + 38 - 313)?
-117
Calculate (-5 + -42 - -64) + -40.
-23
What is -12 + -1 + (-16 - -3) + -2?
-28
What is -93 - (60 + -17 + 14 + -7)?
-143
1 + -137 - (7104 - 7132)
-108
What is (-101 - (-2 - 41)) + -1?
-59
Calculate 14 + 5 - (32 - (60 + 14)).
61
What is the value of (8 - (-29 + 40)) + (5 + -8 - 11)?
-17
Evaluate (-76 - -18) + (285 - 164).
63
What is -4041 + 4045 + (59 - (-7 - (-4 - -1)))?
67
-32 + 320 + -345 + (22 - -1)
-34
Evaluate 68 - 67 - (-4 + -2) - 19 - -8 - 69.
-73
Evaluate (2 - -4) + (-89 - (2 - 42)) + -13.
-56
Evaluate (-3 - -17 - (4 - -12)) + (-1 - 42).
-45
What is the value of 19 + ((28 - -16) + -25 - 40)?
-2
Evaluate -1 - 0 - -54 - (-35 - (-111 - -97)).
74
(-64 - (18 + -54)) + 8 - 60
-80
(33 - (-19 + (38 - 5))) + -10
9
What is 4 + (16 - (-15 - -20) - -9) - -11?
35
What is the value of 14 + -6 + 0 + 1 + (79 + -40 - 142)?
-94
What is 8 - (17 - 20) - (-4 + -30 + 5)?
40
What is the value of -5 + (51 - 28 - (-15 - -20))?
13
What is the value of -11 + 34 + -13 - 9 - 23?
-22
-4 + (7 - -12 - 10) - 11 - -7
1
What is the value of 0 + 16 + -164 + 138 + 12 + -78?
-76
-34 + 61 + -35 + ((3 - 7) + 0 - 44)
-56
What is the value of -6 + 2 + 2 + 10 + -6 + 1 + -72?
-69
Evaluate 1 - 2 - -15 - (-379 - -334 - (-6 + -68)).
-15
What is -83 + (117 - (-97 - -49))?
82
Evaluate 5 - 11 - (-290 + 349).
-65
What is -278 + 411 + (-1 - 71)?
61
What is the value of -439 + 434 + 3 + 73 + -8?
63
-7 - (11 + (-6 - 1)) - (6 - (-6